{"id":1082,"date":"2023-08-28T11:37:28","date_gmt":"2023-08-28T09:37:28","guid":{"rendered":"https:\/\/aneto.fr\/?page_id=1082"},"modified":"2023-10-19T09:54:37","modified_gmt":"2023-10-19T07:54:37","slug":"nous-contacter","status":"publish","type":"page","link":"https:\/\/aneto.fr\/index.php\/nous-contacter\/","title":{"rendered":"Nous contacter"},"content":{"rendered":"\t\t<div data-elementor-type=\"wp-page\" data-elementor-id=\"1082\" class=\"elementor elementor-1082\">\n\t\t\t\t\t\t\t\t\t<section class=\"elementor-section elementor-top-section elementor-element elementor-element-be9b847 elementor-section-boxed elementor-section-height-default elementor-section-height-default elementor-invisible\" data-id=\"be9b847\" data-element_type=\"section\" data-settings=\"{&quot;animation&quot;:&quot;fadeIn&quot;,&quot;animation_delay&quot;:100}\">\n\t\t\t\t\t\t<div class=\"elementor-container elementor-column-gap-default\">\n\t\t\t\t\t<div class=\"elementor-column elementor-col-100 elementor-top-column elementor-element elementor-element-1b11219\" data-id=\"1b11219\" data-element_type=\"column\">\n\t\t\t<div class=\"elementor-widget-wrap elementor-element-populated\">\n\t\t\t\t\t\t\t\t<div class=\"elementor-element elementor-element-f95e378 elementor-widget elementor-widget-heading\" data-id=\"f95e378\" data-element_type=\"widget\" data-widget_type=\"heading.default\">\n\t\t\t\t<div class=\"elementor-widget-container\">\n\t\t\t<h2 class=\"elementor-heading-title elementor-size-default\">NOUS CONTACTER<\/h2>\t\t<\/div>\n\t\t\t\t<\/div>\n\t\t\t\t\t<\/div>\n\t\t<\/div>\n\t\t\t\t\t\t\t<\/div>\n\t\t<\/section>\n\t\t\t\t<section class=\"elementor-section elementor-top-section elementor-element elementor-element-4c87473 elementor-section-boxed elementor-section-height-default elementor-section-height-default\" data-id=\"4c87473\" data-element_type=\"section\">\n\t\t\t\t\t\t<div class=\"elementor-container elementor-column-gap-default\">\n\t\t\t\t\t<div class=\"elementor-column elementor-col-50 elementor-top-column elementor-element elementor-element-4e9213b\" data-id=\"4e9213b\" data-element_type=\"column\">\n\t\t\t<div class=\"elementor-widget-wrap elementor-element-populated\">\n\t\t\t\t\t\t\t\t<div class=\"elementor-element elementor-element-1787cce elementor-absolute elementor-widget-mobile__width-initial eael-wpforms-labels-yes eael-wpforms-form-button-custom elementor-widget elementor-widget-eael-wpforms\" data-id=\"1787cce\" data-element_type=\"widget\" data-settings=\"{&quot;_position&quot;:&quot;absolute&quot;}\" data-widget_type=\"eael-wpforms.default\">\n\t\t\t\t<div class=\"elementor-widget-container\">\n\t\t\t            <div class=\"eael-contact-form eael-wpforms eael-contact-form-align-default\">\n                                <div class=\"wpforms-container wpforms-container-full wpforms-render-modern\" id=\"wpforms-1079\"><form id=\"wpforms-form-1079\" class=\"wpforms-validate wpforms-form wpforms-ajax-form\" data-formid=\"1079\" method=\"post\" enctype=\"multipart\/form-data\" action=\"\/index.php\/wp-json\/wp\/v2\/pages\/1082\" data-token=\"d2e617eabaa8b9218f3281f98c5fdadc\"><div class=\"wpforms-head-container\"><\/div><noscript class=\"wpforms-error-noscript\">Veuillez activer JavaScript dans votre navigateur pour remplir ce formulaire.<\/noscript><div class=\"wpforms-hidden\" id=\"wpforms-error-noscript\">Veuillez activer JavaScript dans votre navigateur pour remplir ce formulaire.<\/div><div class=\"wpforms-field-container\"><div id=\"wpforms-1079-field_7-container\" class=\"wpforms-field wpforms-field-name\" data-field-id=\"7\"><label class=\"wpforms-field-label\" for=\"wpforms-1079-field_7\">Nom <span class=\"wpforms-required-label\" aria-hidden=\"true\">*<\/span><\/label><input type=\"text\" id=\"wpforms-1079-field_7\" class=\"wpforms-field-small wpforms-field-required\" name=\"wpforms[fields][7]\" aria-errormessage=\"wpforms-1079-field_7-error\" required><\/div><div id=\"wpforms-1079-field_2-container\" class=\"wpforms-field wpforms-field-email\" data-field-id=\"2\"><label class=\"wpforms-field-label\" for=\"wpforms-1079-field_2\">Adresse e-mail <span class=\"wpforms-required-label\" aria-hidden=\"true\">*<\/span><\/label><input type=\"email\" id=\"wpforms-1079-field_2\" class=\"wpforms-field-medium wpforms-field-required\" name=\"wpforms[fields][2]\" spellcheck=\"false\" aria-errormessage=\"wpforms-1079-field_2-error\" required><\/div><div id=\"wpforms-1079-field_8-container\" class=\"wpforms-field wpforms-field-name\" data-field-id=\"8\"><label class=\"wpforms-field-label\" for=\"wpforms-1079-field_8\">Num\u00e9ro de t\u00e9l\u00e9phone <span class=\"wpforms-required-label\" aria-hidden=\"true\">*<\/span><\/label><input type=\"text\" id=\"wpforms-1079-field_8\" class=\"wpforms-field-medium wpforms-field-required\" name=\"wpforms[fields][8]\" aria-errormessage=\"wpforms-1079-field_8-error\" required><\/div><div id=\"wpforms-1079-field_3-container\" class=\"wpforms-field wpforms-field-select wpforms-field-select-style-classic\" data-field-id=\"3\"><label class=\"wpforms-field-label\" for=\"wpforms-1079-field_3\">Objet du message <span class=\"wpforms-required-label\" aria-hidden=\"true\">*<\/span><\/label><select id=\"wpforms-1079-field_3\" class=\"wpforms-field-medium wpforms-field-required\" name=\"wpforms[fields][3]\" required=\"required\"><option value=\"Je souhaite avoir des informations sur ANETO\" >Je souhaite avoir des informations sur ANETO<\/option><option value=\"Je souhaite rejoindre ANETO\" >Je souhaite rejoindre ANETO<\/option><option value=\"Autre\" >Autre<\/option><\/select><\/div><div id=\"wpforms-1079-field_6-container\" class=\"wpforms-field wpforms-field-textarea\" data-field-id=\"6\"><label class=\"wpforms-field-label\" for=\"wpforms-1079-field_6\">Message <span class=\"wpforms-required-label\" aria-hidden=\"true\">*<\/span><\/label><textarea id=\"wpforms-1079-field_6\" class=\"wpforms-field-medium wpforms-field-required\" name=\"wpforms[fields][6]\" aria-errormessage=\"wpforms-1079-field_6-error\" required><\/textarea><\/div><\/div><!-- .wpforms-field-container --><div class=\"wpforms-recaptcha-container wpforms-is-recaptcha\" ><div class=\"g-recaptcha\" data-sitekey=\"6Lc-XLIoAAAAAO8Ei28x5Nm0jvMHtt9Bo7IHiQmv\"><\/div><input type=\"text\" name=\"g-recaptcha-hidden\" class=\"wpforms-recaptcha-hidden\" style=\"position:absolute!important;clip:rect(0,0,0,0)!important;height:1px!important;width:1px!important;border:0!important;overflow:hidden!important;padding:0!important;margin:0!important;\" data-rule-recaptcha=\"1\"><\/div><div class=\"wpforms-submit-container\" ><input type=\"hidden\" name=\"wpforms[id]\" value=\"1079\"><input type=\"hidden\" name=\"wpforms[author]\" value=\"1\"><button type=\"submit\" name=\"wpforms[submit]\" id=\"wpforms-submit-1079\" class=\"wpforms-submit\" data-alt-text=\"Envoi...\" data-submit-text=\"Envoyer\" aria-live=\"assertive\" value=\"wpforms-submit\">Envoyer<\/button><img decoding=\"async\" loading=\"lazy\" src=\"https:\/\/aneto.fr\/wp-content\/plugins\/wpforms-lite\/assets\/images\/submit-spin.svg\" class=\"wpforms-submit-spinner\" style=\"display: none;\" width=\"26\" height=\"26\" alt=\"Chargement en cours\"><\/div><\/form><\/div>  <!-- .wpforms-container -->            <\/div>\n\t\t<\/div>\n\t\t\t\t<\/div>\n\t\t\t\t\t<\/div>\n\t\t<\/div>\n\t\t\t\t<div class=\"elementor-column elementor-col-50 elementor-top-column elementor-element elementor-element-094bd06\" data-id=\"094bd06\" data-element_type=\"column\">\n\t\t\t<div class=\"elementor-widget-wrap elementor-element-populated\">\n\t\t\t\t\t\t\t\t<div class=\"elementor-element elementor-element-b7867e8 elementor-widget elementor-widget-image\" data-id=\"b7867e8\" data-element_type=\"widget\" data-widget_type=\"image.default\">\n\t\t\t\t<div class=\"elementor-widget-container\">\n\t\t\t\t\t\t\t\t\t\t\t\t\t\t\t<img decoding=\"async\" loading=\"lazy\" width=\"300\" height=\"193\" src=\"https:\/\/aneto.fr\/wp-content\/uploads\/2023\/02\/Aneto-portraits-2022-def-Web-cr\u00e9dits-Autan-Blanc-Thibaut-DELIGEY-1-300x193.jpg\" class=\"attachment-medium size-medium wp-image-1001\" alt=\"\" srcset=\"https:\/\/aneto.fr\/wp-content\/uploads\/2023\/02\/Aneto-portraits-2022-def-Web-cr\u00e9dits-Autan-Blanc-Thibaut-DELIGEY-1-300x193.jpg 300w, https:\/\/aneto.fr\/wp-content\/uploads\/2023\/02\/Aneto-portraits-2022-def-Web-cr\u00e9dits-Autan-Blanc-Thibaut-DELIGEY-1-1024x659.jpg 1024w, https:\/\/aneto.fr\/wp-content\/uploads\/2023\/02\/Aneto-portraits-2022-def-Web-cr\u00e9dits-Autan-Blanc-Thibaut-DELIGEY-1-768x494.jpg 768w, https:\/\/aneto.fr\/wp-content\/uploads\/2023\/02\/Aneto-portraits-2022-def-Web-cr\u00e9dits-Autan-Blanc-Thibaut-DELIGEY-1-1536x988.jpg 1536w, https:\/\/aneto.fr\/wp-content\/uploads\/2023\/02\/Aneto-portraits-2022-def-Web-cr\u00e9dits-Autan-Blanc-Thibaut-DELIGEY-1-2048x1318.jpg 2048w, https:\/\/aneto.fr\/wp-content\/uploads\/2023\/02\/Aneto-portraits-2022-def-Web-cr\u00e9dits-Autan-Blanc-Thibaut-DELIGEY-1-830x534.jpg 830w, https:\/\/aneto.fr\/wp-content\/uploads\/2023\/02\/Aneto-portraits-2022-def-Web-cr\u00e9dits-Autan-Blanc-Thibaut-DELIGEY-1-230x148.jpg 230w, https:\/\/aneto.fr\/wp-content\/uploads\/2023\/02\/Aneto-portraits-2022-def-Web-cr\u00e9dits-Autan-Blanc-Thibaut-DELIGEY-1-350x225.jpg 350w, https:\/\/aneto.fr\/wp-content\/uploads\/2023\/02\/Aneto-portraits-2022-def-Web-cr\u00e9dits-Autan-Blanc-Thibaut-DELIGEY-1-480x309.jpg 480w\" sizes=\"(max-width: 300px) 100vw, 300px\" \/>\t\t\t\t\t\t\t\t\t\t\t\t\t\t\t<\/div>\n\t\t\t\t<\/div>\n\t\t\t\t<div class=\"elementor-element elementor-element-d1d7349 elementor-widget elementor-widget-text-editor\" data-id=\"d1d7349\" data-element_type=\"widget\" data-widget_type=\"text-editor.default\">\n\t\t\t\t<div class=\"elementor-widget-container\">\n\t\t\t\t\t\t\t<p>ANETO Toulouse<br \/>11 rue Pierre-Paul Riquet<br \/>31000 Toulouse<\/p><p>\u00a0<\/p>\t\t\t\t\t\t<\/div>\n\t\t\t\t<\/div>\n\t\t\t\t<div class=\"elementor-element elementor-element-4e08bd4 elementor-widget elementor-widget-image\" data-id=\"4e08bd4\" data-element_type=\"widget\" data-widget_type=\"image.default\">\n\t\t\t\t<div class=\"elementor-widget-container\">\n\t\t\t\t\t\t\t\t\t\t\t\t\t\t\t<img decoding=\"async\" loading=\"lazy\" width=\"300\" height=\"200\" src=\"https:\/\/aneto.fr\/wp-content\/uploads\/2023\/08\/vince-gx-WuOeUt-emsk-unsplash-300x200.jpg\" class=\"attachment-medium size-medium wp-image-1034\" alt=\"Bordeaux\" srcset=\"https:\/\/aneto.fr\/wp-content\/uploads\/2023\/08\/vince-gx-WuOeUt-emsk-unsplash-300x200.jpg 300w, https:\/\/aneto.fr\/wp-content\/uploads\/2023\/08\/vince-gx-WuOeUt-emsk-unsplash-1024x683.jpg 1024w, https:\/\/aneto.fr\/wp-content\/uploads\/2023\/08\/vince-gx-WuOeUt-emsk-unsplash-768x512.jpg 768w, https:\/\/aneto.fr\/wp-content\/uploads\/2023\/08\/vince-gx-WuOeUt-emsk-unsplash-1536x1024.jpg 1536w, https:\/\/aneto.fr\/wp-content\/uploads\/2023\/08\/vince-gx-WuOeUt-emsk-unsplash-2048x1365.jpg 2048w, https:\/\/aneto.fr\/wp-content\/uploads\/2023\/08\/vince-gx-WuOeUt-emsk-unsplash-1000x667.jpg 1000w, https:\/\/aneto.fr\/wp-content\/uploads\/2023\/08\/vince-gx-WuOeUt-emsk-unsplash-230x153.jpg 230w, https:\/\/aneto.fr\/wp-content\/uploads\/2023\/08\/vince-gx-WuOeUt-emsk-unsplash-350x233.jpg 350w, https:\/\/aneto.fr\/wp-content\/uploads\/2023\/08\/vince-gx-WuOeUt-emsk-unsplash-480x320.jpg 480w\" sizes=\"(max-width: 300px) 100vw, 300px\" \/>\t\t\t\t\t\t\t\t\t\t\t\t\t\t\t<\/div>\n\t\t\t\t<\/div>\n\t\t\t\t<div class=\"elementor-element elementor-element-767b0a4 elementor-widget elementor-widget-text-editor\" data-id=\"767b0a4\" data-element_type=\"widget\" data-widget_type=\"text-editor.default\">\n\t\t\t\t<div class=\"elementor-widget-container\">\n\t\t\t\t\t\t\t<p>ANETO Bordeaux<br \/>55 rue Saint-Joseph<br \/>33000 Bordeaux<\/p><p>\u00a0<\/p>\t\t\t\t\t\t<\/div>\n\t\t\t\t<\/div>\n\t\t\t\t\t<\/div>\n\t\t<\/div>\n\t\t\t\t\t\t\t<\/div>\n\t\t<\/section>\n\t\t\t\t\t\t\t<\/div>\n\t\t","protected":false},"excerpt":{"rendered":"<p>NOUS CONTACTER Veuillez activer JavaScript dans votre navigateur pour remplir ce formulaire.Veuillez activer JavaScript dans votre navigateur pour remplir ce formulaire.Nom *Adresse [&hellip;]<\/p>\n","protected":false},"author":1,"featured_media":0,"parent":0,"menu_order":0,"comment_status":"closed","ping_status":"closed","template":"page-templates\/page_front-page.php","meta":{"_uag_custom_page_level_css":"","footnotes":""},"yoast_head":"<!-- This site is optimized with the Yoast SEO plugin v21.2 - https:\/\/yoast.com\/wordpress\/plugins\/seo\/ -->\n<title>Nous contacter - ANETO<\/title>\n<meta name=\"robots\" content=\"index, follow, max-snippet:-1, max-image-preview:large, max-video-preview:-1\" \/>\n<link rel=\"canonical\" href=\"https:\/\/aneto.fr\/index.php\/nous-contacter\/\" \/>\n<meta property=\"og:locale\" content=\"fr_FR\" \/>\n<meta property=\"og:type\" content=\"article\" \/>\n<meta property=\"og:title\" content=\"Nous contacter - ANETO\" \/>\n<meta property=\"og:description\" content=\"NOUS CONTACTER Veuillez activer JavaScript dans votre navigateur pour remplir ce formulaire.Veuillez activer JavaScript dans votre navigateur pour remplir ce formulaire.Nom *Adresse [&hellip;]\" \/>\n<meta property=\"og:url\" content=\"https:\/\/aneto.fr\/index.php\/nous-contacter\/\" \/>\n<meta property=\"og:site_name\" content=\"ANETO\" \/>\n<meta property=\"article:modified_time\" content=\"2023-10-19T07:54:37+00:00\" \/>\n<meta property=\"og:image\" content=\"https:\/\/aneto.fr\/wp-content\/plugins\/wpforms-lite\/assets\/images\/submit-spin.svg\" \/>\n<meta name=\"twitter:card\" content=\"summary_large_image\" \/>\n<meta name=\"twitter:label1\" content=\"Dur\u00e9e de lecture estim\u00e9e\" \/>\n\t<meta name=\"twitter:data1\" content=\"1 minute\" \/>\n<script type=\"application\/ld+json\" class=\"yoast-schema-graph\">{\"@context\":\"https:\/\/schema.org\",\"@graph\":[{\"@type\":\"WebPage\",\"@id\":\"https:\/\/aneto.fr\/index.php\/nous-contacter\/\",\"url\":\"https:\/\/aneto.fr\/index.php\/nous-contacter\/\",\"name\":\"Nous contacter - ANETO\",\"isPartOf\":{\"@id\":\"https:\/\/aneto.fr\/#website\"},\"datePublished\":\"2023-08-28T09:37:28+00:00\",\"dateModified\":\"2023-10-19T07:54:37+00:00\",\"breadcrumb\":{\"@id\":\"https:\/\/aneto.fr\/index.php\/nous-contacter\/#breadcrumb\"},\"inLanguage\":\"fr-FR\",\"potentialAction\":[{\"@type\":\"ReadAction\",\"target\":[\"https:\/\/aneto.fr\/index.php\/nous-contacter\/\"]}]},{\"@type\":\"BreadcrumbList\",\"@id\":\"https:\/\/aneto.fr\/index.php\/nous-contacter\/#breadcrumb\",\"itemListElement\":[{\"@type\":\"ListItem\",\"position\":1,\"name\":\"Accueil\",\"item\":\"https:\/\/aneto.fr\/\"},{\"@type\":\"ListItem\",\"position\":2,\"name\":\"Nous contacter\"}]},{\"@type\":\"WebSite\",\"@id\":\"https:\/\/aneto.fr\/#website\",\"url\":\"https:\/\/aneto.fr\/\",\"name\":\"ANETO\",\"description\":\"Conseil en Strat\u00e9gie pour les PME et ETI\",\"potentialAction\":[{\"@type\":\"SearchAction\",\"target\":{\"@type\":\"EntryPoint\",\"urlTemplate\":\"https:\/\/aneto.fr\/?s={search_term_string}\"},\"query-input\":\"required name=search_term_string\"}],\"inLanguage\":\"fr-FR\"}]}<\/script>\n<!-- \/ Yoast SEO plugin. -->","yoast_head_json":{"title":"Nous contacter - ANETO","robots":{"index":"index","follow":"follow","max-snippet":"max-snippet:-1","max-image-preview":"max-image-preview:large","max-video-preview":"max-video-preview:-1"},"canonical":"https:\/\/aneto.fr\/index.php\/nous-contacter\/","og_locale":"fr_FR","og_type":"article","og_title":"Nous contacter - ANETO","og_description":"NOUS CONTACTER Veuillez activer JavaScript dans votre navigateur pour remplir ce formulaire.Veuillez activer JavaScript dans votre navigateur pour remplir ce formulaire.Nom *Adresse [&hellip;]","og_url":"https:\/\/aneto.fr\/index.php\/nous-contacter\/","og_site_name":"ANETO","article_modified_time":"2023-10-19T07:54:37+00:00","og_image":[{"url":"https:\/\/aneto.fr\/wp-content\/plugins\/wpforms-lite\/assets\/images\/submit-spin.svg"}],"twitter_card":"summary_large_image","twitter_misc":{"Dur\u00e9e de lecture estim\u00e9e":"1 minute"},"schema":{"@context":"https:\/\/schema.org","@graph":[{"@type":"WebPage","@id":"https:\/\/aneto.fr\/index.php\/nous-contacter\/","url":"https:\/\/aneto.fr\/index.php\/nous-contacter\/","name":"Nous contacter - ANETO","isPartOf":{"@id":"https:\/\/aneto.fr\/#website"},"datePublished":"2023-08-28T09:37:28+00:00","dateModified":"2023-10-19T07:54:37+00:00","breadcrumb":{"@id":"https:\/\/aneto.fr\/index.php\/nous-contacter\/#breadcrumb"},"inLanguage":"fr-FR","potentialAction":[{"@type":"ReadAction","target":["https:\/\/aneto.fr\/index.php\/nous-contacter\/"]}]},{"@type":"BreadcrumbList","@id":"https:\/\/aneto.fr\/index.php\/nous-contacter\/#breadcrumb","itemListElement":[{"@type":"ListItem","position":1,"name":"Accueil","item":"https:\/\/aneto.fr\/"},{"@type":"ListItem","position":2,"name":"Nous contacter"}]},{"@type":"WebSite","@id":"https:\/\/aneto.fr\/#website","url":"https:\/\/aneto.fr\/","name":"ANETO","description":"Conseil en Strat\u00e9gie pour les PME et ETI","potentialAction":[{"@type":"SearchAction","target":{"@type":"EntryPoint","urlTemplate":"https:\/\/aneto.fr\/?s={search_term_string}"},"query-input":"required name=search_term_string"}],"inLanguage":"fr-FR"}]}},"uagb_featured_image_src":{"full":false,"thumbnail":false,"medium":false,"medium_large":false,"large":false,"1536x1536":false,"2048x2048":false,"sydney-large-thumb":false,"sydney-medium-thumb":false,"sydney-small-thumb":false,"sydney-service-thumb":false,"sydney-mas-thumb":false},"uagb_author_info":{"display_name":"admin4108","author_link":"https:\/\/aneto.fr\/index.php\/author\/admin4108\/"},"uagb_comment_info":0,"uagb_excerpt":"NOUS CONTACTER Veuillez activer JavaScript dans votre navigateur pour remplir ce formulaire.Veuillez activer JavaScript dans votre navigateur pour remplir ce formulaire.Nom *Adresse [&hellip;]","_links":{"self":[{"href":"https:\/\/aneto.fr\/index.php\/wp-json\/wp\/v2\/pages\/1082"}],"collection":[{"href":"https:\/\/aneto.fr\/index.php\/wp-json\/wp\/v2\/pages"}],"about":[{"href":"https:\/\/aneto.fr\/index.php\/wp-json\/wp\/v2\/types\/page"}],"author":[{"embeddable":true,"href":"https:\/\/aneto.fr\/index.php\/wp-json\/wp\/v2\/users\/1"}],"replies":[{"embeddable":true,"href":"https:\/\/aneto.fr\/index.php\/wp-json\/wp\/v2\/comments?post=1082"}],"version-history":[{"count":43,"href":"https:\/\/aneto.fr\/index.php\/wp-json\/wp\/v2\/pages\/1082\/revisions"}],"predecessor-version":[{"id":1741,"href":"https:\/\/aneto.fr\/index.php\/wp-json\/wp\/v2\/pages\/1082\/revisions\/1741"}],"wp:attachment":[{"href":"https:\/\/aneto.fr\/index.php\/wp-json\/wp\/v2\/media?parent=1082"}],"curies":[{"name":"wp","href":"https:\/\/api.w.org\/{rel}","templated":true}]}}